{"id":795,"date":"2020-03-27T13:07:16","date_gmt":"2020-03-27T13:07:16","guid":{"rendered":"https:\/\/webshop.ambroise.nl\/product\/unkategorisiert\/ims-skalensatz\/"},"modified":"2020-05-26T10:17:41","modified_gmt":"2020-05-26T10:17:41","slug":"ims-schalensatz","status":"publish","type":"product","link":"https:\/\/webshop.ambroise.nl\/de\/product\/beinorthesen\/genux\/ims-schalensatz\/","title":{"rendered":"IMS Schalensatz"},"content":{"rendered":"<p>Sie finden die Gr\u00f6\u00dfe auf der Au\u00dfenseite der Schale. Siehe gr\u00fcner Kreis im Bild unten. <img fetchpriority=\"high\" decoding=\"async\" class=\"alignnone size-full wp-image-1136\" src=\"https:\/\/webshop.ambroise.nl\/wp-content\/uploads\/2020\/03\/Pelotte-met-maat.png\" alt=\"\" width=\"1000\" height=\"1000\" srcset=\"https:\/\/webshop.ambroise.nl\/wp-content\/uploads\/2020\/03\/Pelotte-met-maat.png 1000w, https:\/\/webshop.ambroise.nl\/wp-content\/uploads\/2020\/03\/Pelotte-met-maat-300x300.png 300w, https:\/\/webshop.ambroise.nl\/wp-content\/uploads\/2020\/03\/Pelotte-met-maat-150x150.png 150w, https:\/\/webshop.ambroise.nl\/wp-content\/uploads\/2020\/03\/Pelotte-met-maat-768x768.png 768w, https:\/\/webshop.ambroise.nl\/wp-content\/uploads\/2020\/03\/Pelotte-met-maat-324x324.png 324w, https:\/\/webshop.ambroise.nl\/wp-content\/uploads\/2020\/03\/Pelotte-met-maat-416x416.png 416w, https:\/\/webshop.ambroise.nl\/wp-content\/uploads\/2020\/03\/Pelotte-met-maat-100x100.png 100w\" sizes=\"(max-width: 1000px) 100vw, 1000px\" \/><\/p>\n<h2>Lehrvideo<\/h2>\n<p><iframe title=\"IMS Schaal vervangen \/ Replacing IMS Shell \/ IMS Schale ersetzen\" width=\"980\" height=\"551\" src=\"https:\/\/www.youtube.com\/embed\/1F0wf-WlYKY?feature=oembed\" frameborder=\"0\" allow=\"accelerometer; autoplay; encrypted-media; gyroscope; picture-in-picture\" allowfullscreen><\/iframe><\/p>\n","protected":false},"excerpt":{"rendered":"<p>Wenn eine oder mehrere Ihrer UTX oder Genux Schalen ersetzt werden m\u00fcssen, k\u00f6nnen Sie sie hier bestellen. Wir haben verschiedene Gr\u00f6\u00dfen und Sie k\u00f6nnen die richtige Gr\u00f6\u00dfe f\u00fcr Sie finden, indem Sie die aktuellen Schalen lesen, um zu sehen, welche Gr\u00f6\u00dfe Sie derzeit haben. Die Gr\u00f6\u00dfe finden Sie an der Au\u00dfenseite der Schale unter dem Kunststoffbandverbinder oder unter der Stange des Rahmens. Je nachdem, welche Orthese und Version Sie haben.<\/p>\n<p>Scrollen Sie nach unten, um zu sehen, wo Sie die Gr\u00f6\u00dfe lesen k\u00f6nnen.<\/p>\n","protected":false},"featured_media":796,"template":"","meta":[],"product_brand":[],"product_cat":[72,73],"product_tag":[],"class_list":{"0":"post-795","1":"product","2":"type-product","3":"status-publish","4":"has-post-thumbnail","6":"product_cat-genux","7":"product_cat-utx","9":"first","10":"instock","11":"taxable","12":"shipping-taxable","13":"purchasable","14":"product-type-variable"},"_links":{"self":[{"href":"https:\/\/webshop.ambroise.nl\/de\/wp-json\/wp\/v2\/product\/795","targetHints":{"allow":["GET"]}}],"collection":[{"href":"https:\/\/webshop.ambroise.nl\/de\/wp-json\/wp\/v2\/product"}],"about":[{"href":"https:\/\/webshop.ambroise.nl\/de\/wp-json\/wp\/v2\/types\/product"}],"wp:featuredmedia":[{"embeddable":true,"href":"https:\/\/webshop.ambroise.nl\/de\/wp-json\/wp\/v2\/media\/796"}],"wp:attachment":[{"href":"https:\/\/webshop.ambroise.nl\/de\/wp-json\/wp\/v2\/media?parent=795"}],"wp:term":[{"taxonomy":"product_brand","embeddable":true,"href":"https:\/\/webshop.ambroise.nl\/de\/wp-json\/wp\/v2\/product_brand?post=795"},{"taxonomy":"product_cat","embeddable":true,"href":"https:\/\/webshop.ambroise.nl\/de\/wp-json\/wp\/v2\/product_cat?post=795"},{"taxonomy":"product_tag","embeddable":true,"href":"https:\/\/webshop.ambroise.nl\/de\/wp-json\/wp\/v2\/product_tag?post=795"}],"curies":[{"name":"wp","href":"https:\/\/api.w.org\/{rel}","templated":true}]}}

<p>Sie finden die Größe auf der Außenseite der Schale. Siehe grüner Kreis im Bild unten. <img fetchpriority="high" decoding="async" class="alignnone size-full wp-image-1136" src="https://webshop.ambroise.nl/wp-content/uploads/2020/03/Pelotte-met-maat.png" alt="" width="1000" height="1000" srcset="https://webshop.ambroise.nl/wp-content/uploads/2020/03/Pelotte-met-maat.png 1000w, https://webshop.ambroise.nl/wp-content/uploads/2020/03/Pelotte-met-maat-300x300.png 300w, https://webshop.ambroise.nl/wp-content/uploads/2020/03/Pelotte-met-maat-150x150.png 150w, https://webshop.ambroise.nl/wp-content/uploads/2020/03/Pelotte-met-maat-768x768.png 768w, https://webshop.ambroise.nl/wp-content/uploads/2020/03/Pelotte-met-maat-324x324.png 324w, https://webshop.ambroise.nl/wp-content/uploads/2020/03/Pelotte-met-maat-416x416.png 416w, https://webshop.ambroise.nl/wp-content/uploads/2020/03/Pelotte-met-maat-100x100.png 100w" sizes="(max-width: 1000px) 100vw, 1000px" /></p>
<h2>Lehrvideo</h2>
<p><iframe title="IMS Schaal vervangen / Replacing IMS Shell / IMS Schale ersetzen" width="980" height="551" src="https://www.youtube.com/embed/1F0wf-WlYKY?feature=oembed" frameborder="0" allow="accelerometer; autoplay; encrypted-media; gyroscope; picture-in-picture" allowfullscreen></iframe></p>

<p>Wenn eine oder mehrere Ihrer UTX oder Genux Schalen ersetzt werden müssen, können Sie sie hier bestellen. Wir haben verschiedene Größen und Sie können die richtige Größe für Sie finden, indem Sie die aktuellen Schalen lesen, um zu sehen, welche Größe Sie derzeit haben. Die Größe finden Sie an der Außenseite der Schale unter dem Kunststoffbandverbinder oder unter der Stange des Rahmens. Je nachdem, welche Orthese und Version Sie haben.</p>
<p>Scrollen Sie nach unten, um zu sehen, wo Sie die Größe lesen können.</p>
